{"id":4233,"date":"2024-03-28T12:16:57","date_gmt":"2024-03-28T11:16:57","guid":{"rendered":"https:\/\/www.que-dire.com\/?page_id=4233"},"modified":"2025-12-31T13:24:30","modified_gmt":"2025-12-31T12:24:30","slug":"la-voix-des-autres","status":"publish","type":"page","link":"https:\/\/www.que-dire.com\/index.php\/la-voix-des-autres\/","title":{"rendered":"La voix des autres"},"content":{"rendered":"\n<p><a href=\"https:\/\/www.que-dire.com\/wp-content\/uploads\/2025\/06\/%D9%86%D8%B2%D9%87%D8%A9-%D8%B9%D9%84%D9%89-%D8%B4%D8%A7%D8%B7%D8%A6-%D8%A7%D9%84%D9%86%D9%87%D8%B1-%D9%85%D8%B9-%D8%BA%D9%8A%D8%AB%D8%A9-%D8%A8%D9%86%D8%A7%D9%86%D9%8A-%D8%A8%D9%86-%D8%A8%D8%B1%D9%83%D8%A9.pdf\">T\u00eate \u00e0 t\u00eate avec mon amie<\/a><\/p>\n\n\n\n<p><a href=\"https:\/\/www.que-dire.com\/index.php\/2025\/11\/10\/les-droits-de-la-femme-marocaine-a-la-lumiere-de-la-moudawana\/\">Les droits de la femme marocaine \u00e0 la lumi\u00e8re de la moudawana <\/a>&#8211; Latifa El Bouhsini- 14 juin 2025<\/p>\n\n\n\n<p><a href=\"https:\/\/www.que-dire.com\/index.php\/2025\/10\/27\/et-lautodetermination-des-peuples\/\">Et l&rsquo;autod\u00e9termination des Peuples- Maurice Buttin- 17 octobre 2025<\/a><\/p>\n\n\n\n<p><a href=\"https:\/\/www.que-dire.com\/index.php\/2025\/05\/13\/tous-complices-ou-et-responsables\/\">Tous complices ou\/et responsables- Maurice Buttin- 09 mai 2025<\/a><\/p>\n\n\n\n<p><a href=\"https:\/\/www.que-dire.com\/index.php\/2024\/11\/24\/messieurs-frank-tapiro-pascal-bruckner-michel-onfray-luc-ferry-et-cie-expliquez-moi\/\" target=\"_blank\" rel=\"noreferrer noopener\">Messieurs Frank Tapiro, Pascal Bruckner, Michel<br>Onfray, Luc Ferry et Cie, Expliquez-moi!- Maurice Buttin- 23 novembre 2024<\/a><\/p>\n\n\n\n<p class=\"has-medium-font-size\"><a href=\"https:\/\/www.que-dire.com\/index.php\/2023\/11\/06\/hommage-a-gilles-perrault-asdhom-28-octobre-2023\/\" rel=\"bookmark\">Hommage \u00e0 Gilles Perrault- ASDHOM- 28 octobre 2023<\/a><\/p>\n\n\n\n<p class=\"has-medium-font-size\"><a href=\"https:\/\/www.que-dire.com\/index.php\/2023\/10\/30\/lettre-ouverte-au-president-de-la-republique-francaise-emmanuel-maurice-buttin-octobre-2023\/\" rel=\"bookmark\">Lettre ouverte de Me Maurice Buttin au Pr\u00e9sident de la R\u00e9publique Fran\u00e7aise, Emmanuel Macron- Octobre 2023<\/a><\/p>\n\n\n\n<p class=\"has-medium-font-size\"><a href=\"https:\/\/www.que-dire.com\/index.php\/2023\/10\/30\/intervention-de-la-famille-ben-barka-au-rassemblement-du-29-octobre-2023\/\" rel=\"bookmark\">Intervention de la famille Ben Barka au rassemblement du 29 octobre 2023<\/a><\/p>\n\n\n\n<p class=\"has-medium-font-size\"><a href=\"https:\/\/www.que-dire.com\/index.php\/2023\/10\/23\/les-palestiniens-ont-ils-le-droit-de-se-defendre-pour-liberer-leur-pays\/\" rel=\"bookmark\">Les Palestiniens ont-ils le droit de se d\u00e9fendre pour lib\u00e9rer leur pays? Maurice Buttin-Octobre 2023<\/a><\/p>\n\n\n\n<p class=\"has-medium-font-size\"><a href=\"https:\/\/www.que-dire.com\/wp-admin\/post.php?post=4264&amp;action=edit\">Association de parents et amis de disparus au Maroc- Intervention de Rachid Manouzi- 31 mai 2023<\/a><\/p>\n\n\n\n<p class=\"has-medium-font-size\"><a href=\"https:\/\/www.que-dire.com\/wp-admin\/post.php?post=4294&amp;action=edit\">\u00ab\u00a07 octobre\u00a0\u00bb- Maurice Buttin &#8211; 5 octobre 2024<\/a><\/p>\n\n\n\n<p style=\"font-size:20px\"><a href=\"https:\/\/www.que-dire.com\/index.php\/2024\/10\/28\/verite-et-justice-dans-lenlevement-de-mehdi-ben-barka-28-octobre-2024\/\" target=\"_blank\" rel=\"noreferrer noopener\">V\u00e9rit\u00e9 et justice dans l&rsquo;affaire dans l&rsquo;enl\u00e8vement et l&rsquo;assassinat de Mehdi Ben Barka &#8211; Bachir Ben Barka- 28 octobre 2024<\/a><\/p>\n\n\n\n<p style=\"font-size:20px\"><a href=\"https:\/\/www.que-dire.com\/index.php\/2024\/10\/30\/contre-loubli-et-limpunite\/\">Intervention de la famille Ben Barka au rassemblement du 29 octobre 2024- Contre l&rsquo;impunit\u00e9 et l&rsquo;oubli<\/a><\/p>\n\n\n\n<p style=\"font-size:20px\"><a href=\"https:\/\/www.que-dire.com\/index.php\/2024\/12\/16\/fatima-semlalia-dans-la-republique-des-meres-courage\/\">Fatima Semlalia dans la r\u00e9publique libre des m\u00e8res courages marocaines<\/a><\/p>\n\n\n\n<p><\/p>\n\n\n\n<p style=\"font-size:18px\"><a href=\"https:\/\/www.que-dire.com\/index.php\/2025\/03\/15\/appel-de-soutien-au-militant-fouad-abdelmoumni-13-mars-2025\/\">Appel de soutien pour le militant marocain Fouad Abdelmoumni<\/a><\/p>\n\n\n\n<p><a href=\"https:\/\/www.que-dire.com\/index.php\/2025\/07\/02\/repression-et-instrumentalisation-de-la-justice-au-maroc\/\">R\u00e9pression et instrumentalisation de la justice au Maroc.<br>Condamnation du journaliste Hamid El Mehdaoui<\/a><\/p>\n\n\n\n<p><a href=\"https:\/\/www.que-dire.com\/index.php\/2025\/07\/04\/arrestation-au-maroc-de-la-militante-et-blogueuse-saida-alami\/\">Arrestation de la militante et blogueuse Sa\u00efda El Alami<\/a><\/p>\n\n\n\n<p><\/p>\n\n\n\n<p><\/p>\n","protected":false},"excerpt":{"rendered":"<p>T\u00eate \u00e0 t\u00eate avec mon amie Les droits de la femme marocaine \u00e0 la lumi\u00e8re de la moudawana &#8211; Latifa El Bouhsini- 14 juin 2025 Et l&rsquo;autod\u00e9termination des Peuples- Maurice Buttin- 17 octobre 2025 Tous complices ou\/et responsables- Maurice Buttin- 09 mai 2025 Messieurs Frank Tapiro, Pascal Bruckner, MichelOnfray, Luc Ferry et Cie, Expliquez-moi!- Maurice &#8230; <a title=\"La voix des autres\" class=\"read-more\" href=\"https:\/\/www.que-dire.com\/index.php\/la-voix-des-autres\/\" aria-label=\"En savoir plus sur La voix des autres\">Lire la suite<\/a><\/p>\n","protected":false},"author":3,"featured_media":0,"parent":0,"menu_order":0,"comment_status":"closed","ping_status":"closed","template":"","meta":{"footnotes":""},"class_list":["post-4233","page","type-page","status-publish"],"_links":{"self":[{"href":"https:\/\/www.que-dire.com\/index.php\/wp-json\/wp\/v2\/pages\/4233","targetHints":{"allow":["GET"]}}],"collection":[{"href":"https:\/\/www.que-dire.com\/index.php\/wp-json\/wp\/v2\/pages"}],"about":[{"href":"https:\/\/www.que-dire.com\/index.php\/wp-json\/wp\/v2\/types\/page"}],"author":[{"embeddable":true,"href":"https:\/\/www.que-dire.com\/index.php\/wp-json\/wp\/v2\/users\/3"}],"replies":[{"embeddable":true,"href":"https:\/\/www.que-dire.com\/index.php\/wp-json\/wp\/v2\/comments?post=4233"}],"version-history":[{"count":36,"href":"https:\/\/www.que-dire.com\/index.php\/wp-json\/wp\/v2\/pages\/4233\/revisions"}],"predecessor-version":[{"id":4685,"href":"https:\/\/www.que-dire.com\/index.php\/wp-json\/wp\/v2\/pages\/4233\/revisions\/4685"}],"wp:attachment":[{"href":"https:\/\/www.que-dire.com\/index.php\/wp-json\/wp\/v2\/media?parent=4233"}],"curies":[{"name":"wp","href":"https:\/\/api.w.org\/{rel}","templated":true}]}}